r of 583395?
False
Is 454101 a multiple of 59?
False
Is 1152142 a multiple of 894?
False
Is 116 a factor of 7594391?
False
Is 1109 a factor of 10293738?
True
Is 450457 a multiple of 136?
False
Is 262850 a multiple of 50?
True
Does 497 divide 224644?
True
Is 170574 a multiple of 6?
True
Is 350 a factor of 503105?
False
Does 10 divide 178736?
False
Is 12 a factor of 482508?
True
Is 645 a factor of 1108036?
False
Is 371 a factor of 1419075?
True
Does 160 divide 171068?
False
Does 1092 divide 952192?
False
Does 9 divide 15460605?
True
Is 293 a factor of 77059?
True
Does 18 divide 506430?
True
Does 1066 divide 13340990?
True
Does 736 divide 2526759?
False
Does 10 divide 18704881?
False
Is 62575 a multiple of 31?
False
Is 279541 a multiple of 196?
False
Does 410 divide 55350?
True
Does 437 divide 7931946?
False
Is 10 a factor of 314194?
False
Is 62941 a multiple of 2?
False
Does 88 divide 234784?
True
Is 3910322 a multiple of 338?
True
Is 229 a factor of 24045?
True
Is 19 a factor of 8407424?
True
Is 51 a factor of 325220?
False
Is 65690 a multiple of 79?
False
Is 13 a factor of 355576?
True
Is 673 a factor of 348847?
False
Is 13 a factor of 27586?
True
Is 6045292 a multiple of 22?
True
Does 23 divide 2332614?
True
Is 1610834 a multiple of 224?
False
Is 33508 a multiple of 7?
False
Does 11 divide 2465430?
True
Does 21 divide 4685226?
True
Is 148 a factor of 11121904?
True
Is 90202 a multiple of 158?
False
Is 500958 a multiple of 54?
True
Is 1660520 a multiple of 8?
True
Is 33121 a multiple of 5?
False
Is 28401 a multiple of 13?
False
Is 27 a factor of 116586?
True
Does 354 divide 674370?
True
Is 29 a factor of 36830?
True
Is 229742 a multiple of 51?
False
Is 23 a factor of 153118?
False
Is 50 a factor of 562700?
True
Does 36 divide 565164?
True
Is 12 a factor of 315567?
False
Is 161816 a multiple of 73?
False
Is 3820131 a multiple of 66?
False
Does 13 divide 170079?
True
Is 7 a factor of 148961?
False
Is 2914 a multiple of 3?
False
Does 3 divide 989904?
True
Is 117 a factor of 210249?
True
Is 10022 a multiple of 23?
False
Does 39 divide 348582?
True
Does 35 divide 12320?
True
Does 3 divide 261946?
False
Is 43 a factor of 7866076?
True
Is 343 a factor of 469567?
True
Is 353 a factor of 3157181?
False
Does 6 divide 51997?
False
Is 5786262 a multiple of 54?
True
Does 44 divide 105248?
True
Is 1283339 a multiple of 118?
False
Is 3 a factor of 46508?
False
Is 1714377 a multiple of 66?
False
Is 286368 a multiple of 157?
True
Is 62 a factor of 810464?
True
Is 596 a factor of 208600?
True
Does 398 divide 2497848?
True
Is 372638 a multiple of 91?
False
Is 13 a factor of 1077635?
True
Is 12 a factor of 236928?
True
Is 1165850 a multiple of 5?
True
Is 2118285 a multiple of 221?
True
Is 38901 a multiple of 50?
False
Is 9 a factor of 161514?
True
Is 468 a factor of 171814?
False
Is 23 a factor of 32867?
True
Is 15 a factor of 475096?
False
Is 1163183 a multiple of 8?
False
Does 21 divide 652365?
True
Does 68 divide 621316?
True
Does 98 divide 2868852?
True
Is 6497472 a multiple of 516?
True
Is 70 a factor of 189560?
True
Is 104 a factor of 339976?
True
Is 11 a factor of 5939417?
True
Does 246 divide 24354?
True
Does 88 divide 219032?
True
Is 6398392 a multiple of 658?
True
Does 62 divide 2784668?
True
Is 7 a factor of 22176?
True
Is 11 a factor of 1165560?
True
Is 1124821 a multiple of 689?
False
Does 7 divide 116565?
False
Is 2277765 a multiple of 873?
False
Is 8 a factor of 5921036?
False
Does 246 divide 508974?
True
Does 14 divide 60004?
True
Is 62673 a multiple of 312?
False
Is 230137 a multiple of 430?
False
Does 407 divide 93055?
False
Is 11514850 a multiple of 137?
True
Does 32 divide 85120?
True
Does 161 divide 13629133?
True
Is 52 a factor of 21559?
False
Is 70270 a multiple of 65?
False
Does 14 divide 625744?
True
Is 23 a factor of 4551953?
True
Is 4 a factor of 44006?
False
Is 332 a factor of 866188?
True
Does 17 divide 13281165?
True
Is 121919 a multiple of 17?
False
Is 793760 a multiple of 20?
True
Is 5 a factor of 275855?
True
Does 18 divide 3962845?
False
Does 203 divide 938672?
True
Is 2 a factor of 99904?
True
Is 44 a factor of 701145?
False
Is 29 a factor of 186586?
True
Is 271 a factor of 53387?
True
Is 99 a factor of 894762?
True
Is 443 a factor of 443?
True
Is 19 a factor of 3121846?
False
Does 14 divide 11999?
False
Is 477 a factor of 53424?
True
Is 8 a factor of 236806?
False
Is 24021 a multiple of 9?
True
Does 80 divide 104080?
True
Is 630221 a multiple of 599?
False
Does 87 divide 6908148?
True
Does 157 divide 250258?
True
Is 2 a factor of 56322?
True
Does 45 divide 816255?
True
Is 167907 a multiple of 567?
False
Is 537 a factor of 6081497?
False
Is 276 a factor of 1233668?
False
Is 3 a factor of 2408?
False
Does 295 divide 985074?
False
Is 10 a factor of 5434440?
True
Is 4 a factor of 14800?
True
Is 741744 a multiple of 38?
False
Does 53 divide 191595?
True
Does 2 divide 13554?
True
Is 47771 a multiple of 31?
True
Does 119 divide 220812?
False
Is 484 a factor of 216832?
True
Is 48 a factor of 238752?
True
Is 457 a factor of 855223?
False
Does 68 divide 6585?
False
Is 91028 a multiple of 330?
False
Is 5318990 a multiple of 470?
True
Does 92 divide 91403?
False
Is 1122924 a multiple of 22?
True
Does 5 divide 71391?
False
Is 42471 a multiple of 27?
True
Does 39 divide 8902619?
False
Is 1258660 a multiple of 47?
True
Does 21 divide 3214833?
False
Is 3 a factor of 84351?
True
Is 47 a factor of 248066?
True
Is 63 a factor of 5272142?
False
Is 2422584 a multiple of 50?
False
Is 13 a factor of 63973?
True
Is 270 a multiple of 12?
False
Is 9 a factor of 53016?
False
Does 7 divide 103722?
False
Is 8 a factor of 517400?
True
Is 178560 a multiple of 310?
True
Does 43 divide 96879?
True
Is 870574 a multiple of 402?
False
Does 170 divide 40970?
True
Is 14 a factor of 729408?
False
Is 107 a factor of 161570?
True
Is 128034 a multiple of 6?
True
Is 612 a factor of 266832?
True
Is 3756651 a multiple of 187?
False
Is 64 a factor of 1986524?
False
Is 50 a factor of 4186958?
False
Is 10 a factor of 129060?
True
Is 1136 a factor of 4105504?
True
Is 6488195 a multiple of 7?
True
Is 7 a factor of 13160?
True
Is 540145 a multiple of 414?
False
Is 316580 a multiple of 131?
False
Does 618 divide 12974292?
True
Is 686380 a multiple of 103?
False
Does 108 divide 3699000?
True
Is 408277 a multiple of 204?
False
Does 405 divide 1316638?
False
Does 76 divide 6796966?
False
Is 188615 a multiple of 17?
True
Is 16 a factor of 869955?
False
Is 93 a factor of 4687200?
True
Does 15 divide 56619?
False
Is 262680 a multiple of 8?
True
Is 5 a factor of 6100?
True
Does 12 divide 71064?
True
Does 209 divide 40128?
True
Is 283833 a multiple of 61?
True
Does 80 divide 659136?
False
Does 15 divide 11518110?
True
Is 7 a factor of 65186?
False
Does 6 divide 533002?
False
Is 131 a factor of 457633?
False
Does 10 divide 8038950?
True
Is 798456 a multiple of 412?
True
Does 14 divide 114870?
True
Is 61 a factor of 98091?
False
Does 163 divide 3241591?
False
Is 21 a factor of 87526?
False
Does 7 divide 225400?
True
Is 241 a factor of 968579?
True
Does 679 divide 22374792?
False
Does 16 divide 624713?
False
Is 5 a factor of 2579490?
True
Does 26 divide 4309526?
True
Is 11 a factor of 47982?
True
Is 1635604 a multiple of 528?
False
Is 37 a factor of 7170?
False
Does 417 divide 444211?
False
Is 115 a factor of 1903976?
False
Does 12 divide 5946228?
True
Does 334 divide 238476?
True
Is 2610846 a multiple of 189?
True
Does 173 divide 99821?
True
Does 13 divide 115687?
True
Is 9740226 a multiple of 158?
True
Does 10 divide 7260?
True
Is 76698 a multiple of 8?
False
Is 64 a factor of 40896?
True
Is 14742 a multiple of 351?
True
Is 1236516 a multiple of 6?
True
Is 25 a factor of 1582250?
True
Is 7259396 a multiple of 116?
True
Does 114 divide 556320?
True
Is 6755597 a multiple of 152?
False
Does 64 divide 2170696?
False
Is 39 a factor of 8446363?
False
Does 537 divide 988872?
False
Is 1978 a multiple of 43?
True
Is 9082 a multiple of 38?
True
Is 4 a factor of 288866?
False
Is 113260 a multiple of 6?
False
Is 516 a factor of 324564?
True
Is 420697 a multiple of 72?
False
Is 642 a factor of 1147896?
True
Is 193 a factor of 337561?
False
Is 28 a factor of 27297004?
True
Is 1534114 a multiple o